Last updated on 2025-04-29 18:50:56 CEST.
Flavor | Version | Tinstall | Tcheck | Ttotal | Status | Flags |
---|---|---|---|---|---|---|
r-devel-linux-x86_64-debian-clang | 1.0.3 | 25.17 | 45.35 | 70.52 | NOTE | |
r-devel-linux-x86_64-debian-gcc | 1.0.3 | 17.43 | 33.40 | 50.83 | NOTE | |
r-devel-linux-x86_64-fedora-clang | 1.0.3 | 127.27 | OK | |||
r-devel-linux-x86_64-fedora-gcc | 1.0.3 | 113.11 | OK | |||
r-devel-windows-x86_64 | 1.0.3 | 32.00 | 77.00 | 109.00 | OK | |
r-patched-linux-x86_64 | 1.0.3 | 24.90 | 42.63 | 67.53 | OK | |
r-release-linux-x86_64 | 1.0.3 | 26.42 | 42.36 | 68.78 | OK | |
r-release-macos-arm64 | 1.0.3 | 35.00 | OK | |||
r-release-macos-x86_64 | 1.0.3 | 73.00 | OK | |||
r-release-windows-x86_64 | 1.0.3 | 31.00 | 85.00 | 116.00 | OK | |
r-oldrel-macos-arm64 | 1.0.3 | 32.00 | OK | |||
r-oldrel-macos-x86_64 | 1.0.3 | 45.00 | OK | |||
r-oldrel-windows-x86_64 | 1.0.3 | 35.00 | 98.00 | 133.00 | OK |
Version: 1.0.3
Check: CRAN incoming feasibility
Result: NOTE
Maintainer: ‘Yan Li <yanli_@jlu.edu.cn>’
The Description field contains
(2023), <https://www.biorxiv.org/content/10.1101/2023.05.30.542607v1>].
Please use permanent DOI markup for linking to publications as in <doi:prefix/suffix>.
Flavors: r-devel-linux-x86_64-debian-clang, r-devel-linux-x86_64-debian-gcc