CRAN Package Check Results for Package SPIChanges

Last updated on 2025-04-28 18:50:23 CEST.

Flavor Version Tinstall Tcheck Ttotal Status Flags
r-devel-linux-x86_64-debian-clang 0.1.0 10.19 245.84 256.03 OK
r-devel-linux-x86_64-debian-gcc 0.1.0 7.19 169.68 176.87 NOTE
r-devel-linux-x86_64-fedora-clang 0.1.0 402.97 OK
r-devel-linux-x86_64-fedora-gcc 0.1.0 415.97 OK
r-devel-windows-x86_64 0.1.0 10.00 264.00 274.00 OK
r-patched-linux-x86_64 0.1.0 9.84 237.46 247.30 OK
r-release-linux-x86_64 0.1.0 8.95 236.96 245.91 OK
r-release-macos-arm64 0.1.0 146.00 OK
r-release-macos-x86_64 0.1.0 345.00 OK
r-release-windows-x86_64 0.1.0 10.00 256.00 266.00 OK
r-oldrel-macos-arm64 0.1.0 144.00 OK
r-oldrel-macos-x86_64 0.1.0 404.00 OK
r-oldrel-windows-x86_64 0.1.0 13.00 338.00 351.00 OK

Check Details

Version: 0.1.0
Check: examples
Result: NOTE Examples with CPU (user + system) or elapsed time > 5s user system elapsed SPIChanges 3.428 0.089 5.105 Flavor: r-devel-linux-x86_64-debian-gcc