Last updated on 2025-05-01 18:50:56 CEST.
Flavor | Version | Tinstall | Tcheck | Ttotal | Status | Flags |
---|---|---|---|---|---|---|
r-devel-linux-x86_64-debian-clang | 1.2.4 | 23.44 | 184.26 | 207.70 | NOTE | |
r-devel-linux-x86_64-debian-gcc | 1.2.4 | 14.29 | 123.71 | 138.00 | OK | |
r-devel-linux-x86_64-fedora-clang | 1.2.4 | 345.53 | OK | |||
r-devel-linux-x86_64-fedora-gcc | 1.2.4 | 299.57 | OK | |||
r-devel-windows-x86_64 | 1.2.4 | 24.00 | 167.00 | 191.00 | OK | |
r-patched-linux-x86_64 | 1.2.4 | 22.24 | 169.65 | 191.89 | OK | |
r-release-linux-x86_64 | OK | |||||
r-release-macos-arm64 | 1.2.4 | 71.00 | OK | |||
r-release-macos-x86_64 | 1.2.4 | 159.00 | OK | |||
r-release-windows-x86_64 | 1.2.4 | 26.00 | 170.00 | 196.00 | OK | |
r-oldrel-macos-arm64 | 1.2.4 | 82.00 | OK | |||
r-oldrel-macos-x86_64 | 1.2.4 | 178.00 | OK | |||
r-oldrel-windows-x86_64 | 1.2.4 | 32.00 | 230.00 | 262.00 | OK |
Version: 1.2.4
Check: examples
Result: NOTE
Examples with CPU (user + system) or elapsed time > 5s
user system elapsed
overlap 8.064 0.108 11.038
hclustcompro_select_alpha 5.810 0.102 7.021
Flavor: r-devel-linux-x86_64-debian-clang
Version: 1.2.4
Check: examples
Result: NA
user system elapsed
overlap 3.952 0.07 5.125
OK
Flavor: r-devel-linux-x86_64-debian-gcc