CRAN Package Check Results for Package SILM

Last updated on 2025-04-29 18:50:55 CEST.

Flavor Version Tinstall Tcheck Ttotal Status Flags
r-devel-linux-x86_64-debian-clang 1.0.0 7.06 60.77 67.83 NOTE
r-devel-linux-x86_64-debian-gcc 1.0.0 4.62 44.85 49.47 NOTE
r-devel-linux-x86_64-fedora-clang 1.0.0 108.21 OK
r-devel-linux-x86_64-fedora-gcc 1.0.0 97.38 OK
r-devel-windows-x86_64 1.0.0 8.00 75.00 83.00 OK
r-patched-linux-x86_64 1.0.0 7.08 57.76 64.84 OK
r-release-linux-x86_64 1.0.0 6.95 57.28 64.23 OK
r-release-macos-arm64 1.0.0 36.00 OK
r-release-macos-x86_64 1.0.0 65.00 OK
r-release-windows-x86_64 1.0.0 7.00 76.00 83.00 OK
r-oldrel-macos-arm64 1.0.0 31.00 OK
r-oldrel-macos-x86_64 1.0.0 50.00 OK
r-oldrel-windows-x86_64 1.0.0 9.00 88.00 97.00 OK

Check Details

Version: 1.0.0
Check: CRAN incoming feasibility
Result: NOTE Maintainer: ‘Xianyang Zhang <zhangxiany@stat.tamu.edu>’ No Authors@R field in DESCRIPTION. Please add one, modifying Authors@R: c(person(given = "Xianyang", family = "Zhang", role = c("aut", "cre"), email = "zhangxiany@stat.tamu.edu"), person(given = "Guang", family = "Cheng", role = "aut"), person(given = "Jincheng", family = "Bai", role = "aut")) as necessary. Flavors: r-devel-linux-x86_64-debian-clang, r-devel-linux-x86_64-debian-gcc