Last updated on 2025-04-29 18:50:54 CEST.
Flavor | Version | Tinstall | Tcheck | Ttotal | Status | Flags |
---|---|---|---|---|---|---|
r-devel-linux-x86_64-debian-clang | 1.2 | 11.82 | 25.41 | 37.23 | NOTE | |
r-devel-linux-x86_64-debian-gcc | 1.2 | 8.33 | 20.43 | 28.76 | NOTE | |
r-devel-linux-x86_64-fedora-clang | 1.2 | 68.10 | OK | |||
r-devel-linux-x86_64-fedora-gcc | 1.2 | 60.78 | OK | |||
r-devel-windows-x86_64 | 1.2 | 15.00 | 61.00 | 76.00 | OK | |
r-patched-linux-x86_64 | 1.2 | 12.08 | 24.83 | 36.91 | OK | |
r-release-linux-x86_64 | 1.2 | 11.32 | 24.61 | 35.93 | OK | |
r-release-macos-arm64 | 1.2 | 24.00 | OK | |||
r-release-macos-x86_64 | 1.2 | 42.00 | OK | |||
r-release-windows-x86_64 | 1.2 | 15.00 | 60.00 | 75.00 | OK | |
r-oldrel-macos-arm64 | 1.2 | 23.00 | OK | |||
r-oldrel-macos-x86_64 | 1.2 | 38.00 | OK | |||
r-oldrel-windows-x86_64 | 1.2 | 15.00 | 70.00 | 85.00 | OK |
Version: 1.2
Check: CRAN incoming feasibility
Result: NOTE
Maintainer: ‘Alexander Marx <amarx@mpi-inf.mpg.de>’
No Authors@R field in DESCRIPTION.
Please add one, modifying
Authors@R: person(given = "Alexander",
family = "Marx",
role = c("aut", "cre"),
email = "amarx@mpi-inf.mpg.de")
as necessary.
Flavors: r-devel-linux-x86_64-debian-clang, r-devel-linux-x86_64-debian-gcc