CRAN Package Check Results for Package SAM

Last updated on 2025-04-30 06:51:30 CEST.

Flavor Version Tinstall Tcheck Ttotal Status Flags
r-devel-linux-x86_64-debian-clang 1.1.3 57.74 37.15 94.89 NOTE
r-devel-linux-x86_64-debian-gcc 1.1.3 47.01 32.24 79.25 NOTE
r-devel-linux-x86_64-fedora-clang 1.1.3 159.57 NOTE
r-devel-linux-x86_64-fedora-gcc 1.1.3 177.30 NOTE
r-devel-windows-x86_64 1.1.3 57.00 90.00 147.00 NOTE
r-patched-linux-x86_64 1.1.3 64.28 42.49 106.77 NOTE
r-release-linux-x86_64 1.1.3 59.89 42.79 102.68 NOTE
r-release-macos-arm64 1.1.3 52.00 NOTE
r-release-macos-x86_64 1.1.3 78.00 NOTE
r-release-windows-x86_64 1.1.3 58.00 86.00 144.00 NOTE
r-oldrel-macos-arm64 1.1.3 46.00 NOTE
r-oldrel-macos-x86_64 1.1.3 60.00 NOTE
r-oldrel-windows-x86_64 1.1.3 66.00 93.00 159.00 NOTE

Check Details

Version: 1.1.3
Check: CRAN incoming feasibility
Result: NOTE Maintainer: ‘Haoming Jiang <jianghm.ustc@gmail.com>’ No Authors@R field in DESCRIPTION. Please add one, modifying Authors@R: c(person(given = "Haoming", family = "Jiang", role = c("aut", "cre"), email = "jianghm.ustc@gmail.com"), person(given = "Yukun", family = "Ma", role = "aut"), person(given = "Han", family = "Liu", role = "aut"), person(given = "Kathryn", family = "Roeder", role = "aut"), person(given = "Xingguo", family = "Li", role = "aut"), person(given = "Tuo", family = "Zhao", role = "aut")) as necessary. Flavors: r-devel-linux-x86_64-debian-clang, r-devel-linux-x86_64-debian-gcc

Version: 1.1.3
Check: C++ specification
Result: NOTE Specified C++11: please drop specification unless essential Flavors: r-devel-linux-x86_64-debian-clang, r-devel-linux-x86_64-debian-gcc, r-devel-linux-x86_64-fedora-clang, r-devel-linux-x86_64-fedora-gcc, r-devel-windows-x86_64, r-patched-linux-x86_64, r-release-linux-x86_64, r-release-macos-arm64, r-release-macos-x86_64, r-release-windows-x86_64, r-oldrel-macos-arm64, r-oldrel-macos-x86_64, r-oldrel-windows-x86_64

Version: 1.1.3
Check: installed package size
Result: NOTE installed size is 22.4Mb sub-directories of 1Mb or more: libs 22.2Mb Flavors: r-oldrel-macos-arm64, r-oldrel-macos-x86_64