Last updated on 2025-11-04 05:51:23 CET.
| Flavor | Version | Tinstall | Tcheck | Ttotal | Status | Flags | 
|---|---|---|---|---|---|---|
| r-devel-linux-x86_64-debian-clang | 0.1.2 | 1.96 | 20.61 | 22.57 | NOTE | |
| r-devel-linux-x86_64-debian-gcc | 0.1.2 | 1.63 | 16.50 | 18.13 | NOTE | |
| r-devel-linux-x86_64-fedora-clang | 0.1.2 | 32.70 | NOTE | |||
| r-devel-linux-x86_64-fedora-gcc | 0.1.2 | 31.74 | NOTE | |||
| r-devel-windows-x86_64 | 0.1.2 | 3.00 | 40.00 | 43.00 | OK | |
| r-patched-linux-x86_64 | 0.1.2 | 2.05 | 19.15 | 21.20 | OK | |
| r-release-linux-x86_64 | 0.1.2 | 1.92 | 19.09 | 21.01 | OK | |
| r-release-macos-arm64 | 0.1.2 | 1.00 | 14.00 | 15.00 | OK | |
| r-release-macos-x86_64 | 0.1.2 | 2.00 | 21.00 | 23.00 | OK | |
| r-release-windows-x86_64 | 0.1.2 | 3.00 | 40.00 | 43.00 | OK | |
| r-oldrel-macos-arm64 | 0.1.2 | 1.00 | 14.00 | 15.00 | NOTE | |
| r-oldrel-macos-x86_64 | 0.1.2 | 2.00 | 19.00 | 21.00 | NOTE | |
| r-oldrel-windows-x86_64 | 0.1.2 | 5.00 | 49.00 | 54.00 | NOTE | 
Version: 0.1.2
Check: CRAN incoming feasibility
Result: NOTE
  Maintainer: ‘Tiago Mendes Dantas <t.mendesdantas@gmail.com>’
  
  No Authors@R field in DESCRIPTION.
  Please add one, modifying
    Authors@R: person(given = c("Tiago", "Mendes"),
                      family = "Dantas",
                      role = c("aut", "cre"),
                      email = "t.mendesdantas@gmail.com")
  as necessary.
Flavors: r-devel-linux-x86_64-debian-clang, r-devel-linux-x86_64-debian-gcc
Version: 0.1.2
Check: dependencies in R code
Result: NOTE
  Namespace in Imports field not imported from: ‘magrittr’
    All declared Imports should be used.
Flavors: r-devel-linux-x86_64-fedora-clang, r-devel-linux-x86_64-fedora-gcc
Version: 0.1.2
Check: LazyData
Result: NOTE
    'LazyData' is specified without a 'data' directory
Flavors: r-oldrel-macos-arm64, r-oldrel-macos-x86_64, r-oldrel-windows-x86_64