Last updated on 2025-04-29 18:50:54 CEST.
Flavor | Version | Tinstall | Tcheck | Ttotal | Status | Flags |
---|---|---|---|---|---|---|
r-devel-linux-x86_64-debian-clang | 1.1.4 | 85.41 | 412.55 | 497.96 | NOTE | |
r-devel-linux-x86_64-debian-gcc | 1.1.4 | 56.78 | 270.72 | 327.50 | OK | |
r-devel-linux-x86_64-fedora-clang | 1.1.4 | 851.54 | OK | |||
r-devel-linux-x86_64-fedora-gcc | 1.1.4 | 842.39 | OK | |||
r-devel-windows-x86_64 | 1.1.4 | 89.00 | 397.00 | 486.00 | OK | |
r-patched-linux-x86_64 | 1.1.4 | 77.96 | 383.34 | 461.30 | OK | |
r-release-linux-x86_64 | 1.1.4 | 75.72 | 378.21 | 453.93 | OK | |
r-release-macos-arm64 | 1.1.4 | 202.00 | OK | |||
r-release-macos-x86_64 | 1.1.4 | 383.00 | OK | |||
r-release-windows-x86_64 | 1.1.4 | 86.00 | 389.00 | 475.00 | OK | |
r-oldrel-macos-arm64 | 1.1.4 | 193.00 | NOTE | |||
r-oldrel-macos-x86_64 | 1.1.4 | 272.00 | NOTE | |||
r-oldrel-windows-x86_64 | 1.1.4 | 105.00 | 533.00 | 638.00 | OK |
Version: 1.1.4
Check: examples
Result: NOTE
Examples with CPU (user + system) or elapsed time > 5s
user system elapsed
fit_model 4.145 0.308 5.294
Flavor: r-devel-linux-x86_64-debian-clang
Version: 1.1.4
Check: installed package size
Result: NOTE
installed size is 7.7Mb
sub-directories of 1Mb or more:
doc 1.4Mb
libs 5.7Mb
Flavors: r-oldrel-macos-arm64, r-oldrel-macos-x86_64