Last updated on 2025-11-03 17:50:01 CET.
| Flavor | Version | Tinstall | Tcheck | Ttotal | Status | Flags |
|---|---|---|---|---|---|---|
| r-devel-linux-x86_64-debian-clang | 0.2-3 | 1298.51 | 213.53 | 1512.04 | OK | |
| r-devel-linux-x86_64-debian-gcc | 0.2-3 | 1116.54 | 241.68 | 1358.22 | OK | |
| r-devel-linux-x86_64-fedora-clang | 0.2-3 | 2520.00 | -193.97 | 2326.03 | OK | |
| r-devel-linux-x86_64-fedora-gcc | 0.2-3 | 4620.00 | -1375.35 | 3244.65 | OK | |
| r-devel-windows-x86_64 | 0.2-3 | 1398.00 | 329.00 | 1727.00 | OK | |
| r-patched-linux-x86_64 | 0.2-3 | 1493.86 | 328.68 | 1822.54 | OK | |
| r-release-linux-x86_64 | 0.2-3 | 1515.12 | 333.00 | 1848.12 | OK | |
| r-release-macos-arm64 | 0.2-3 | 402.00 | 45.00 | 447.00 | OK | |
| r-release-macos-x86_64 | 0.2-3 | 340.00 | 88.00 | 428.00 | OK | |
| r-release-windows-x86_64 | 0.2-3 | 1364.00 | 324.00 | 1688.00 | OK | |
| r-oldrel-macos-arm64 | 0.2-3 | 458.00 | 51.00 | 509.00 | NOTE | |
| r-oldrel-macos-x86_64 | 0.2-3 | 409.00 | 104.00 | 513.00 | NOTE | |
| r-oldrel-windows-x86_64 | 0.2-3 | 1557.00 | 416.00 | 1973.00 | NOTE |
Version: 0.2-3
Check: installed package size
Result: NOTE
installed size is 161.2Mb
sub-directories of 1Mb or more:
libs 160.2Mb
Flavors: r-oldrel-macos-arm64, r-oldrel-macos-x86_64, r-oldrel-windows-x86_64
Version: 0.2-3
Check: for GNU extensions in Makefiles
Result: NOTE
GNU make is a SystemRequirements.
Flavors: r-oldrel-macos-arm64, r-oldrel-macos-x86_64, r-oldrel-windows-x86_64