Last updated on 2025-11-04 05:51:22 CET.
| Flavor | Version | Tinstall | Tcheck | Ttotal | Status | Flags | 
|---|---|---|---|---|---|---|
| r-devel-linux-x86_64-debian-clang | 1.2.4 | 57.54 | 64.26 | 121.80 | NOTE | |
| r-devel-linux-x86_64-debian-gcc | 1.2.4 | 39.62 | 49.35 | 88.97 | NOTE | |
| r-devel-linux-x86_64-fedora-clang | 1.2.4 | 122.00 | 80.74 | 202.74 | OK | |
| r-devel-linux-x86_64-fedora-gcc | 1.2.4 | 100.00 | 113.62 | 213.62 | OK | |
| r-devel-windows-x86_64 | 1.2.4 | 73.00 | 107.00 | 180.00 | OK | |
| r-patched-linux-x86_64 | 1.2.4 | 60.84 | 59.43 | 120.27 | OK | |
| r-release-linux-x86_64 | 1.2.4 | 58.99 | 60.21 | 119.20 | OK | |
| r-release-macos-arm64 | 1.2.4 | 22.00 | 45.00 | 67.00 | OK | |
| r-release-macos-x86_64 | 1.2.4 | 30.00 | 72.00 | 102.00 | OK | |
| r-release-windows-x86_64 | 1.2.4 | 66.00 | 105.00 | 171.00 | OK | |
| r-oldrel-macos-arm64 | 1.2.4 | 21.00 | 47.00 | 68.00 | NOTE | |
| r-oldrel-macos-x86_64 | 1.2.4 | 52.00 | 143.00 | 195.00 | NOTE | |
| r-oldrel-windows-x86_64 | 1.2.4 | 73.00 | 133.00 | 206.00 | OK | 
Version: 1.2.4
Check: CRAN incoming feasibility
Result: NOTE
  Maintainer: ‘Dmitry Selivanov <selivanov.dmitriy@gmail.com>’
  
  Found the following (possibly) invalid URLs:
    URL: https://app.gitter.im/#/room/#RestRserve_community:gitter.im
      From: README.md
      Message: Invalid URL: '#' not allowed in fragment
Flavors: r-devel-linux-x86_64-debian-clang, r-devel-linux-x86_64-debian-gcc
Version: 1.2.4
Check: installed package size
Result: NOTE
    installed size is  6.4Mb
    sub-directories of 1Mb or more:
      libs      3.5Mb
      swagger   1.4Mb
Flavors: r-oldrel-macos-arm64, r-oldrel-macos-x86_64