Last updated on 2025-11-03 17:50:00 CET.
| Flavor | Version | Tinstall | Tcheck | Ttotal | Status | Flags |
|---|---|---|---|---|---|---|
| r-devel-linux-x86_64-debian-clang | 0.6.0 | 24.29 | 44.02 | 68.31 | OK | |
| r-devel-linux-x86_64-debian-gcc | 0.6.0 | 21.49 | 30.42 | 51.91 | OK | |
| r-devel-linux-x86_64-fedora-clang | 0.6.0 | 47.00 | 63.32 | 110.32 | OK | |
| r-devel-linux-x86_64-fedora-gcc | 0.6.0 | 70.00 | 51.12 | 121.12 | OK | |
| r-devel-windows-x86_64 | 0.6.0 | 28.00 | 90.00 | 118.00 | OK | |
| r-patched-linux-x86_64 | 0.6.0 | 26.22 | 41.90 | 68.12 | OK | |
| r-release-linux-x86_64 | 0.6.0 | 26.82 | 41.39 | 68.21 | OK | |
| r-release-macos-arm64 | 0.6.0 | 13.00 | 23.00 | 36.00 | OK | |
| r-release-macos-x86_64 | 0.6.0 | 27.00 | 42.00 | 69.00 | OK | |
| r-release-windows-x86_64 | 0.6.0 | 30.00 | 90.00 | 120.00 | OK | |
| r-oldrel-macos-arm64 | 0.6.0 | 12.00 | 26.00 | 38.00 | NOTE | |
| r-oldrel-macos-x86_64 | 0.6.0 | 21.00 | 31.00 | 52.00 | NOTE | |
| r-oldrel-windows-x86_64 | 0.6.0 | 40.00 | 103.00 | 143.00 | OK |
Version: 0.6.0
Check: installed package size
Result: NOTE
installed size is 6.6Mb
sub-directories of 1Mb or more:
libs 6.4Mb
Flavors: r-oldrel-macos-arm64, r-oldrel-macos-x86_64