Last updated on 2025-04-29 06:49:52 CEST.
Flavor | Version | Tinstall | Tcheck | Ttotal | Status | Flags |
---|---|---|---|---|---|---|
r-devel-linux-x86_64-debian-clang | 1.2-0 | 18.19 | 131.21 | 149.40 | OK | |
r-devel-linux-x86_64-debian-gcc | 1.2-0 | 16.19 | 105.85 | 122.04 | NOTE | |
r-devel-linux-x86_64-fedora-clang | 1.2-0 | 275.89 | OK | |||
r-devel-linux-x86_64-fedora-gcc | 1.2-0 | 264.37 | OK | |||
r-devel-windows-x86_64 | 1.2-0 | 35.00 | 285.00 | 320.00 | OK | |
r-patched-linux-x86_64 | 1.2-0 | 19.43 | 130.91 | 150.34 | OK | |
r-release-linux-x86_64 | 1.2-0 | 19.79 | 132.18 | 151.97 | OK | |
r-release-macos-arm64 | 1.2-0 | 96.00 | OK | |||
r-release-macos-x86_64 | 1.2-0 | 145.00 | OK | |||
r-release-windows-x86_64 | 1.2-0 | 40.00 | 240.00 | 280.00 | OK | |
r-oldrel-macos-arm64 | 1.2-0 | 90.00 | OK | |||
r-oldrel-macos-x86_64 | 1.2-0 | 115.00 | OK | |||
r-oldrel-windows-x86_64 | 1.2-0 | 24.00 | 168.00 | 192.00 | OK |
Version: 1.2-0
Check: CRAN incoming feasibility
Result: NOTE
Maintainer: ‘John Fox <jfox@mcmaster.ca>’
No Authors@R field in DESCRIPTION.
Please add one, modifying
Authors@R: person(given = "John",
family = "Fox",
role = c("aut", "cre"),
email = "jfox@mcmaster.ca")
as necessary.
Flavor: r-devel-linux-x86_64-debian-gcc