Last updated on 2025-04-29 18:50:52 CEST.
Flavor | Version | Tinstall | Tcheck | Ttotal | Status | Flags |
---|---|---|---|---|---|---|
r-devel-linux-x86_64-debian-clang | 1.8 | 33.55 | 175.18 | 208.73 | NOTE | |
r-devel-linux-x86_64-debian-gcc | 1.8 | 25.34 | 126.04 | 151.38 | NOTE | |
r-devel-linux-x86_64-fedora-clang | 1.8 | 364.66 | OK | |||
r-devel-linux-x86_64-fedora-gcc | 1.8 | 347.73 | OK | |||
r-devel-windows-x86_64 | 1.8 | 44.00 | 296.00 | 340.00 | OK | |
r-patched-linux-x86_64 | 1.8 | 32.67 | 167.05 | 199.72 | OK | |
r-release-linux-x86_64 | 1.8 | 31.85 | 166.38 | 198.23 | OK | |
r-release-macos-arm64 | 1.8 | 108.00 | OK | |||
r-release-macos-x86_64 | 1.8 | 168.00 | OK | |||
r-release-windows-x86_64 | 1.8 | 50.00 | 255.00 | 305.00 | OK | |
r-oldrel-macos-arm64 | 1.8 | 114.00 | OK | |||
r-oldrel-macos-x86_64 | 1.8 | 135.00 | OK | |||
r-oldrel-windows-x86_64 | 1.8 | 33.00 | 201.00 | 234.00 | OK |
Version: 1.8
Check: CRAN incoming feasibility
Result: NOTE
Maintainer: ‘Francois Husson <francois.husson@institut-agro.fr>’
No Authors@R field in DESCRIPTION.
Please add one, modifying
Authors@R: c(person(given = "Francois",
family = "Husson",
role = c("aut", "cre"),
email = "francois.husson@institut-agro.fr"),
person(given = "Julie",
family = "Josse",
role = "aut"),
person(given = "Sebastien",
family = "Le",
role = "aut"))
as necessary.
Flavors: r-devel-linux-x86_64-debian-clang, r-devel-linux-x86_64-debian-gcc