Last updated on 2025-04-28 18:50:19 CEST.
Flavor | Version | Tinstall | Tcheck | Ttotal | Status | Flags |
---|---|---|---|---|---|---|
r-devel-linux-x86_64-debian-clang | 1.68 | 49.93 | 217.36 | 267.29 | OK | |
r-devel-linux-x86_64-debian-gcc | 1.68 | 37.88 | 165.18 | 203.06 | NOTE | |
r-devel-linux-x86_64-fedora-clang | 1.68 | 495.93 | OK | |||
r-devel-linux-x86_64-fedora-gcc | 1.68 | 475.36 | OK | |||
r-devel-windows-x86_64 | 1.68 | 64.00 | 345.00 | 409.00 | OK | |
r-patched-linux-x86_64 | 1.68 | 47.40 | 215.46 | 262.86 | OK | |
r-release-linux-x86_64 | 1.68 | 48.25 | 212.94 | 261.19 | OK | |
r-release-macos-arm64 | 1.68 | 166.00 | OK | |||
r-release-macos-x86_64 | 1.68 | 217.00 | OK | |||
r-release-windows-x86_64 | 1.68 | 38.00 | 153.00 | 191.00 | OK | |
r-oldrel-macos-arm64 | 1.68 | 102.00 | OK | |||
r-oldrel-macos-x86_64 | 1.68 | 172.00 | OK | |||
r-oldrel-windows-x86_64 | 1.68 | 52.00 | 227.00 | 279.00 | OK |
Version: 1.68
Check: CRAN incoming feasibility
Result: NOTE
Maintainer: ‘Yoshinobu Kanda <ycanda-tky@umin.ac.jp>’
No Authors@R field in DESCRIPTION.
Please add one, modifying
Authors@R: person(given = "Yoshinobu",
family = "Kanda",
role = c("aut", "cre"),
email = "ycanda-tky@umin.ac.jp")
as necessary.
Flavor: r-devel-linux-x86_64-debian-gcc