Last updated on 2025-04-30 06:51:27 CEST.
Flavor | Version | Tinstall | Tcheck | Ttotal | Status | Flags |
---|---|---|---|---|---|---|
r-devel-linux-x86_64-debian-clang | 1.1 | 12.16 | 117.13 | 129.29 | NOTE | |
r-devel-linux-x86_64-debian-gcc | 1.1 | 9.50 | 79.02 | 88.52 | NOTE | |
r-devel-linux-x86_64-fedora-clang | 1.1 | 225.16 | OK | |||
r-devel-linux-x86_64-fedora-gcc | 1.1 | 214.17 | OK | |||
r-devel-windows-x86_64 | 1.1 | 14.00 | 132.00 | 146.00 | OK | |
r-patched-linux-x86_64 | 1.1 | 13.38 | 110.56 | 123.94 | OK | |
r-release-linux-x86_64 | 1.1 | 13.56 | 109.54 | 123.10 | OK | |
r-release-macos-arm64 | 1.1 | 56.00 | OK | |||
r-release-macos-x86_64 | 1.1 | 117.00 | OK | |||
r-release-windows-x86_64 | 1.1 | 13.00 | 129.00 | 142.00 | OK | |
r-oldrel-macos-arm64 | 1.1 | 56.00 | OK | |||
r-oldrel-macos-x86_64 | 1.1 | 90.00 | OK | |||
r-oldrel-windows-x86_64 | 1.1 | 18.00 | 158.00 | 176.00 | OK |
Version: 1.1
Check: examples
Result: NOTE
Examples with CPU (user + system) or elapsed time > 5s
user system elapsed
analyze_in_out_simultaneity 5.934 0.473 9.093
Flavor: r-devel-linux-x86_64-debian-clang
Version: 1.1
Check: examples
Result: NOTE
Examples with CPU (user + system) or elapsed time > 5s
user system elapsed
analyze_in_out_simultaneity 3.743 0.055 5.001
Flavor: r-devel-linux-x86_64-debian-gcc