CRAN Package Check Results for Package RapidFuzz

Last updated on 2025-04-29 06:49:52 CEST.

Flavor Version Tinstall Tcheck Ttotal Status Flags
r-devel-linux-x86_64-debian-clang 1.0 84.13 27.10 111.23 OK
r-devel-linux-x86_64-debian-gcc 1.0 58.63 22.08 80.71 OK
r-devel-linux-x86_64-fedora-clang 1.0 197.73 OK
r-devel-linux-x86_64-fedora-gcc 1.0 201.74 OK
r-devel-windows-x86_64 1.0 88.00 79.00 167.00 OK
r-patched-linux-x86_64 1.0 85.61 26.19 111.80 OK
r-release-linux-x86_64 1.0 86.42 25.90 112.32 OK
r-release-macos-arm64 1.0 43.00 OK
r-release-macos-x86_64 1.0 51.00 OK
r-release-windows-x86_64 1.0 87.00 83.00 170.00 OK
r-oldrel-macos-arm64 1.0 52.00 NOTE
r-oldrel-macos-x86_64 1.0 77.00 NOTE
r-oldrel-windows-x86_64 1.0 90.00 100.00 190.00 OK

Check Details

Version: 1.0
Check: installed package size
Result: NOTE installed size is 6.5Mb sub-directories of 1Mb or more: libs 5.8Mb Flavors: r-oldrel-macos-arm64, r-oldrel-macos-x86_64