Last updated on 2025-04-29 18:50:54 CEST.
Flavor | Version | Tinstall | Tcheck | Ttotal | Status | Flags |
---|---|---|---|---|---|---|
r-devel-linux-x86_64-debian-clang | 1.1.2 | 1.61 | 19.09 | 20.70 | NOTE | |
r-devel-linux-x86_64-debian-gcc | 1.1.2 | 1.34 | 15.82 | 17.16 | NOTE | |
r-devel-linux-x86_64-fedora-clang | 1.1.2 | 31.64 | OK | |||
r-devel-linux-x86_64-fedora-gcc | 1.1.2 | 31.29 | OK | |||
r-devel-windows-x86_64 | 1.1.2 | 2.00 | 38.00 | 40.00 | OK | |
r-patched-linux-x86_64 | 1.1.2 | 1.60 | 18.37 | 19.97 | OK | |
r-release-linux-x86_64 | 1.1.2 | 1.38 | 18.37 | 19.75 | OK | |
r-release-macos-arm64 | 1.1.2 | 16.00 | OK | |||
r-release-macos-x86_64 | 1.1.2 | 24.00 | OK | |||
r-release-windows-x86_64 | 1.1.2 | 2.00 | 42.00 | 44.00 | OK | |
r-oldrel-macos-arm64 | 1.1.2 | 17.00 | OK | |||
r-oldrel-macos-x86_64 | 1.1.2 | 29.00 | OK | |||
r-oldrel-windows-x86_64 | 1.1.2 | 3.00 | 41.00 | 44.00 | OK |
Version: 1.1.2
Check: CRAN incoming feasibility
Result: NOTE
Maintainer: ‘Tobias Verbeke <tobias.verbeke@openanalytics.eu>’
No Authors@R field in DESCRIPTION.
Please add one, modifying
Authors@R: person(given = "Tobias",
family = "Verbeke",
role = c("aut", "cre"),
email = "tobias.verbeke@openanalytics.eu")
as necessary.
Flavors: r-devel-linux-x86_64-debian-clang, r-devel-linux-x86_64-debian-gcc