Last updated on 2025-11-04 05:51:23 CET.
| Flavor | Version | Tinstall | Tcheck | Ttotal | Status | Flags | 
|---|---|---|---|---|---|---|
| r-devel-linux-x86_64-debian-clang | 0.1.2 | 18.67 | 151.11 | 169.78 | OK | |
| r-devel-linux-x86_64-debian-gcc | 0.1.2 | 13.87 | 112.73 | 126.60 | OK | |
| r-devel-linux-x86_64-fedora-clang | 0.1.2 | 38.00 | 216.22 | 254.22 | OK | |
| r-devel-linux-x86_64-fedora-gcc | 0.1.2 | 36.00 | 217.36 | 253.36 | OK | |
| r-devel-windows-x86_64 | 0.1.2 | 21.00 | 129.00 | 150.00 | OK | |
| r-patched-linux-x86_64 | 0.1.2 | 17.51 | 139.32 | 156.83 | OK | |
| r-release-linux-x86_64 | 0.1.2 | 18.12 | 141.08 | 159.20 | OK | |
| r-release-macos-arm64 | 0.1.2 | 15.00 | 80.00 | 95.00 | OK | |
| r-release-macos-x86_64 | 0.1.2 | 19.00 | 271.00 | 290.00 | OK | |
| r-release-windows-x86_64 | 0.1.2 | 21.00 | 125.00 | 146.00 | OK | |
| r-oldrel-macos-arm64 | 0.1.2 | 14.00 | 78.00 | 92.00 | OK | |
| r-oldrel-macos-x86_64 | 0.1.2 | 37.00 | 193.00 | 230.00 | NOTE | |
| r-oldrel-windows-x86_64 | 0.1.2 | 27.00 | 158.00 | 185.00 | OK | 
Version: 0.1.2
Check: installed package size
Result: NOTE
    installed size is  5.5Mb
    sub-directories of 1Mb or more:
      data   5.1Mb
Flavor: r-oldrel-macos-x86_64