Last updated on 2025-04-29 18:50:54 CEST.
Flavor | Version | Tinstall | Tcheck | Ttotal | Status | Flags |
---|---|---|---|---|---|---|
r-devel-linux-x86_64-debian-clang | 0.4.24 | 154.51 | 61.19 | 215.70 | OK | |
r-devel-linux-x86_64-debian-gcc | 0.4.24 | 128.48 | 46.17 | 174.65 | OK | |
r-devel-linux-x86_64-fedora-clang | 0.4.24 | 445.08 | OK | |||
r-devel-linux-x86_64-fedora-gcc | 0.4.24 | 444.64 | OK | |||
r-devel-windows-x86_64 | 0.4.24 | 343.00 | 169.00 | 512.00 | OK | |
r-patched-linux-x86_64 | 0.4.24 | 164.29 | 56.15 | 220.44 | OK | |
r-release-linux-x86_64 | 0.4.24 | 166.17 | 55.58 | 221.75 | OK | |
r-release-macos-arm64 | 0.4.24 | 91.00 | OK | |||
r-release-macos-x86_64 | 0.4.24 | 136.00 | OK | |||
r-release-windows-x86_64 | 0.4.24 | 334.00 | 195.00 | 529.00 | OK | |
r-oldrel-macos-arm64 | 0.4.24 | 128.00 | NOTE | |||
r-oldrel-macos-x86_64 | 0.4.24 | 216.00 | NOTE | |||
r-oldrel-windows-x86_64 | 0.4.24 | 286.00 | 227.00 | 513.00 | NOTE |
Version: 0.4.24
Check: installed package size
Result: NOTE
installed size is 33.6Mb
sub-directories of 1Mb or more:
libs 32.2Mb
Flavors: r-oldrel-macos-arm64, r-oldrel-macos-x86_64, r-oldrel-windows-x86_64