Last updated on 2025-10-31 17:50:26 CET.
| Flavor | Version | Tinstall | Tcheck | Ttotal | Status | Flags |
|---|---|---|---|---|---|---|
| r-devel-linux-x86_64-debian-clang | 0.1.0 | 32.93 | 335.34 | 368.27 | OK | |
| r-devel-linux-x86_64-debian-gcc | 0.1.0 | 22.62 | 231.94 | 254.56 | OK | |
| r-devel-linux-x86_64-fedora-clang | 0.1.0 | 258.00 | 371.72 | 629.72 | OK | |
| r-devel-linux-x86_64-fedora-gcc | 0.1.0 | 228.00 | 384.67 | 612.67 | OK | |
| r-devel-windows-x86_64 | 0.1.0 | 33.00 | 292.00 | 325.00 | OK | |
| r-patched-linux-x86_64 | 0.1.0 | 0.33 | 1.88 | 2.21 | ERROR | |
| r-release-linux-x86_64 | 0.1.0 | 28.17 | 315.10 | 343.27 | OK | |
| r-release-macos-arm64 | 0.1.0 | 13.00 | 142.00 | 155.00 | OK | |
| r-release-macos-x86_64 | 0.1.0 | 32.00 | 300.00 | 332.00 | OK | |
| r-release-windows-x86_64 | 0.1.0 | 33.00 | 297.00 | 330.00 | OK | |
| r-oldrel-macos-arm64 | 0.1.0 | 13.00 | 128.00 | 141.00 | OK | |
| r-oldrel-macos-x86_64 | 0.1.0 | 30.00 | 299.00 | 329.00 | OK | |
| r-oldrel-windows-x86_64 | 0.1.0 | 44.00 | 405.00 | 449.00 | OK |
Version: 0.1.0
Check: package dependencies
Result: ERROR
Package required but not available: ‘SummarizedExperiment’
See section ‘The DESCRIPTION file’ in the ‘Writing R Extensions’
manual.
Flavor: r-patched-linux-x86_64