Last updated on 2025-11-04 05:51:23 CET.
| Flavor | Version | Tinstall | Tcheck | Ttotal | Status | Flags | 
|---|---|---|---|---|---|---|
| r-devel-linux-x86_64-debian-clang | 1.3.4 | 38.62 | 48.29 | 86.91 | OK | |
| r-devel-linux-x86_64-debian-gcc | 1.3.4 | 24.86 | 36.58 | 61.44 | OK | |
| r-devel-linux-x86_64-fedora-clang | 1.3.4 | 75.00 | 84.53 | 159.53 | OK | |
| r-devel-linux-x86_64-fedora-gcc | 1.3.4 | 95.00 | 43.25 | 138.25 | OK | |
| r-devel-windows-x86_64 | 1.3.4 | 63.00 | 213.00 | 276.00 | OK | |
| r-patched-linux-x86_64 | 1.3.4 | 34.84 | 45.02 | 79.86 | OK | |
| r-release-linux-x86_64 | 1.3.4 | 38.93 | 45.34 | 84.27 | OK | |
| r-release-macos-arm64 | 1.3.4 | 23.00 | 32.00 | 55.00 | OK | |
| r-release-macos-x86_64 | 1.3.4 | 32.00 | 85.00 | 117.00 | OK | |
| r-release-windows-x86_64 | 1.3.4 | 61.00 | 212.00 | 273.00 | OK | |
| r-oldrel-macos-arm64 | 1.3.4 | 21.00 | 26.00 | 47.00 | NOTE | |
| r-oldrel-macos-x86_64 | 1.3.4 | 30.00 | 50.00 | 80.00 | NOTE | |
| r-oldrel-windows-x86_64 | 1.3.4 | 74.00 | 232.00 | 306.00 | OK | 
Version: 1.3.4
Check: installed package size
Result: NOTE
    installed size is  5.4Mb
    sub-directories of 1Mb or more:
      libs   5.0Mb
Flavors: r-oldrel-macos-arm64, r-oldrel-macos-x86_64