Last updated on 2025-11-03 17:50:01 CET.
| Flavor | Version | Tinstall | Tcheck | Ttotal | Status | Flags | 
|---|---|---|---|---|---|---|
| r-devel-linux-x86_64-debian-clang | 1.1.1 | 30.13 | 25.37 | 55.50 | NOTE | |
| r-devel-linux-x86_64-debian-gcc | 1.1.1 | 19.61 | 21.52 | 41.13 | NOTE | |
| r-devel-linux-x86_64-fedora-clang | 1.1.1 | 69.00 | 31.45 | 100.45 | OK | |
| r-devel-linux-x86_64-fedora-gcc | 1.1.1 | 78.00 | 12.17 | 90.17 | OK | |
| r-devel-windows-x86_64 | 1.1.1 | 36.00 | 59.00 | 95.00 | OK | |
| r-patched-linux-x86_64 | 1.1.1 | 28.57 | 24.32 | 52.89 | OK | |
| r-release-linux-x86_64 | 1.1.1 | 28.89 | 24.24 | 53.13 | OK | |
| r-release-macos-arm64 | 1.1.1 | 14.00 | 17.00 | 31.00 | OK | |
| r-release-macos-x86_64 | 1.1.1 | 24.00 | 26.00 | 50.00 | OK | |
| r-release-windows-x86_64 | 1.1.1 | 38.00 | 60.00 | 98.00 | OK | |
| r-oldrel-macos-arm64 | 1.1.1 | 15.00 | 17.00 | 32.00 | NOTE | |
| r-oldrel-macos-x86_64 | 1.1.1 | 26.00 | 23.00 | 49.00 | NOTE | |
| r-oldrel-windows-x86_64 | 1.1.1 | 42.00 | 71.00 | 113.00 | NOTE | 
Version: 1.1.1
Check: CRAN incoming feasibility
Result: NOTE
  Maintainer: ‘Priyam Das <pdas@ncsu.edu>’
  
  The Description field contains
    Described in the paper : Das (2016) <arXiv:1604.08616> .
  Please refer to arXiv e-prints via their arXiv DOI <doi:10.48550/arXiv.YYMM.NNNNN>.
Flavors: r-devel-linux-x86_64-debian-clang, r-devel-linux-x86_64-debian-gcc
Version: 1.1.1
Check: LazyData
Result: NOTE
    'LazyData' is specified without a 'data' directory
Flavors: r-oldrel-macos-arm64, r-oldrel-macos-x86_64, r-oldrel-windows-x86_64