Last updated on 2025-04-29 18:50:53 CEST.
Flavor | Version | Tinstall | Tcheck | Ttotal | Status | Flags |
---|---|---|---|---|---|---|
r-devel-linux-x86_64-debian-clang | 1.0 | 4.06 | 38.13 | 42.19 | NOTE | |
r-devel-linux-x86_64-debian-gcc | 1.0 | 2.71 | 28.16 | 30.87 | NOTE | |
r-devel-linux-x86_64-fedora-clang | 1.0 | 64.33 | OK | |||
r-devel-linux-x86_64-fedora-gcc | 1.0 | 63.69 | OK | |||
r-devel-windows-x86_64 | 1.0 | 5.00 | 63.00 | 68.00 | OK | |
r-patched-linux-x86_64 | 1.0 | 4.34 | 36.11 | 40.45 | OK | |
r-release-linux-x86_64 | 1.0 | 3.60 | 35.79 | 39.39 | OK | |
r-release-macos-arm64 | 1.0 | 26.00 | OK | |||
r-release-macos-x86_64 | 1.0 | 41.00 | OK | |||
r-release-windows-x86_64 | 1.0 | 4.00 | 66.00 | 70.00 | OK | |
r-oldrel-macos-arm64 | 1.0 | 25.00 | OK | |||
r-oldrel-macos-x86_64 | 1.0 | 38.00 | OK | |||
r-oldrel-windows-x86_64 | 1.0 | 5.00 | 58.00 | 63.00 | OK |
Version: 1.0
Check: CRAN incoming feasibility
Result: NOTE
Maintainer: ‘Feng Chen <feng.chen@unsw.edu.au>’
Package CITATION file contains call(s) to old-style citEntry(). Please
use bibentry() instead.
Flavors: r-devel-linux-x86_64-debian-clang, r-devel-linux-x86_64-debian-gcc