CRAN Package Check Results for Package RGreenplum

Last updated on 2025-04-29 18:50:53 CEST.

Flavor Version Tinstall Tcheck Ttotal Status Flags
r-devel-linux-x86_64-debian-clang 0.1.2 4.56 34.79 39.35 OK
r-devel-linux-x86_64-debian-gcc 0.1.2 3.91 27.55 31.46 OK
r-devel-linux-x86_64-fedora-clang 0.1.2 67.46 OK
r-devel-linux-x86_64-fedora-gcc 0.1.2 59.52 OK
r-devel-windows-x86_64 0.1.2 6.00 52.00 58.00 OK
r-patched-linux-x86_64 0.1.2 4.96 33.59 38.55 OK
r-release-linux-x86_64 0.1.2 5.06 33.49 38.55 OK
r-release-macos-arm64 0.1.2 25.00 OK
r-release-macos-x86_64 0.1.2 48.00 OK
r-release-windows-x86_64 0.1.2 6.00 53.00 59.00 OK
r-oldrel-macos-arm64 0.1.2 22.00 NOTE
r-oldrel-macos-x86_64 0.1.2 32.00 NOTE
r-oldrel-windows-x86_64 0.1.2 8.00 59.00 67.00 NOTE

Check Details

Version: 0.1.2
Check: LazyData
Result: NOTE 'LazyData' is specified without a 'data' directory Flavors: r-oldrel-macos-arm64, r-oldrel-macos-x86_64, r-oldrel-windows-x86_64