CRAN Package Check Results for Package RECA

Last updated on 2025-04-29 18:50:52 CEST.

Flavor Version Tinstall Tcheck Ttotal Status Flags
r-devel-linux-x86_64-debian-clang 1.7 1.52 20.65 22.17 NOTE
r-devel-linux-x86_64-debian-gcc 1.7 1.39 16.65 18.04 NOTE
r-devel-linux-x86_64-fedora-clang 1.7 32.14 OK
r-devel-linux-x86_64-fedora-gcc 1.7 30.82 OK
r-devel-windows-x86_64 1.7 3.00 45.00 48.00 OK
r-patched-linux-x86_64 1.7 1.39 18.50 19.89 OK
r-release-linux-x86_64 1.7 1.52 18.53 20.05 OK
r-release-macos-arm64 1.7 14.00 OK
r-release-macos-x86_64 1.7 23.00 OK
r-release-windows-x86_64 1.7 3.00 47.00 50.00 OK
r-oldrel-macos-arm64 1.7 15.00 OK
r-oldrel-macos-x86_64 1.7 20.00 OK
r-oldrel-windows-x86_64 1.7 2.00 44.00 46.00 OK

Check Details

Version: 1.7
Check: CRAN incoming feasibility
Result: NOTE Maintainer: ‘Nan Xiao <me@nanx.me>’ Found the following (possibly) invalid file URIs: URI: CONTRIBUTING.md From: README.md URI: CONDUCT.md From: README.md Flavors: r-devel-linux-x86_64-debian-clang, r-devel-linux-x86_64-debian-gcc