Last updated on 2025-04-29 18:50:51 CEST.
Flavor | Version | Tinstall | Tcheck | Ttotal | Status | Flags |
---|---|---|---|---|---|---|
r-devel-linux-x86_64-debian-clang | 3.0.1 | 20.96 | 86.42 | 107.38 | NOTE | |
r-devel-linux-x86_64-debian-gcc | 3.0.1 | 11.95 | 51.96 | 63.91 | OK | |
r-devel-linux-x86_64-fedora-clang | 3.0.1 | 172.13 | OK | |||
r-devel-linux-x86_64-fedora-gcc | 3.0.1 | 160.48 | OK | |||
r-devel-windows-x86_64 | 3.0.1 | 18.00 | 83.00 | 101.00 | OK | |
r-patched-linux-x86_64 | 3.0.1 | 19.71 | 79.96 | 99.67 | OK | |
r-release-linux-x86_64 | 3.0.1 | 18.79 | 79.24 | 98.03 | OK | |
r-release-macos-arm64 | 3.0.1 | 37.00 | OK | |||
r-release-macos-x86_64 | 3.0.1 | 99.00 | OK | |||
r-release-windows-x86_64 | 3.0.1 | 19.00 | 83.00 | 102.00 | OK | |
r-oldrel-macos-arm64 | 3.0.1 | 42.00 | OK | |||
r-oldrel-macos-x86_64 | 3.0.1 | 85.00 | OK | |||
r-oldrel-windows-x86_64 | 3.0.1 | 21.00 | 105.00 | 126.00 | OK |
Version: 3.0.1
Check: examples
Result: NOTE
Examples with CPU (user + system) or elapsed time > 5s
user system elapsed
Qhot 5.433 0.012 7.001
Flavor: r-devel-linux-x86_64-debian-clang