Last updated on 2025-04-29 06:49:52 CEST.
Flavor | Version | Tinstall | Tcheck | Ttotal | Status | Flags |
---|---|---|---|---|---|---|
r-devel-linux-x86_64-debian-clang | 1.0.0 | 7.45 | 111.64 | 119.09 | OK | |
r-devel-linux-x86_64-debian-gcc | 1.0.0 | 6.36 | 76.11 | 82.47 | NOTE | |
r-devel-linux-x86_64-fedora-clang | 1.0.0 | 187.41 | OK | |||
r-devel-linux-x86_64-fedora-gcc | 1.0.0 | 192.31 | OK | |||
r-devel-windows-x86_64 | 1.0.0 | 9.00 | 127.00 | 136.00 | OK | |
r-patched-linux-x86_64 | 1.0.0 | 6.81 | 106.45 | 113.26 | OK | |
r-release-linux-x86_64 | 1.0.0 | 8.40 | 106.39 | 114.79 | OK | |
r-release-macos-arm64 | 1.0.0 | 59.00 | OK | |||
r-release-macos-x86_64 | 1.0.0 | 171.00 | OK | |||
r-release-windows-x86_64 | 1.0.0 | 9.00 | 121.00 | 130.00 | OK | |
r-oldrel-macos-arm64 | 1.0.0 | 81.00 | OK | |||
r-oldrel-macos-x86_64 | 1.0.0 | 169.00 | OK | |||
r-oldrel-windows-x86_64 | 1.0.0 | 12.00 | 153.00 | 165.00 | OK |
Version: 1.0.0
Check: examples
Result: NOTE
Examples with CPU (user + system) or elapsed time > 5s
user system elapsed
sim_followup 4.790 0.003 7.321
boot_fit_pwexpm_surv 4.141 0.137 5.509
Flavor: r-devel-linux-x86_64-debian-gcc