Last updated on 2025-11-03 17:49:58 CET.
| Flavor | Version | Tinstall | Tcheck | Ttotal | Status | Flags |
|---|---|---|---|---|---|---|
| r-devel-linux-x86_64-debian-clang | 2.1.4 | 10.17 | 78.54 | 88.71 | OK | |
| r-devel-linux-x86_64-debian-gcc | 2.1.4 | 6.71 | 55.40 | 62.11 | OK | |
| r-devel-linux-x86_64-fedora-clang | 2.1.4 | 26.00 | 116.23 | 142.23 | OK | |
| r-devel-linux-x86_64-fedora-gcc | 2.1.4 | 26.00 | 108.42 | 134.42 | OK | |
| r-devel-windows-x86_64 | 2.1.4 | 12.00 | 88.00 | 100.00 | OK | |
| r-patched-linux-x86_64 | 2.1.4 | 10.83 | 72.86 | 83.69 | NOTE | |
| r-release-linux-x86_64 | 2.1.4 | 8.64 | 73.43 | 82.07 | NOTE | |
| r-release-macos-arm64 | 2.1.4 | 5.00 | 33.00 | 38.00 | OK | |
| r-release-macos-x86_64 | 2.1.4 | 11.00 | 82.00 | 93.00 | OK | |
| r-release-windows-x86_64 | 2.1.4 | 11.00 | 82.00 | 93.00 | OK | |
| r-oldrel-macos-arm64 | 2.1.4 | 5.00 | 36.00 | 41.00 | OK | |
| r-oldrel-macos-x86_64 | 2.1.4 | 10.00 | 88.00 | 98.00 | OK | |
| r-oldrel-windows-x86_64 | 2.1.4 | 17.00 | 108.00 | 125.00 | OK |
Version: 2.1.4
Check: DESCRIPTION meta-information
Result: NOTE
Dependence on R version ‘4.3.3’ not with patchlevel 0
Flavors: r-patched-linux-x86_64, r-release-linux-x86_64