CRAN Package Check Results for Package PrInDT

Last updated on 2025-04-29 18:50:51 CEST.

Flavor Version Tinstall Tcheck Ttotal Status Flags
r-devel-linux-x86_64-debian-clang 1.0.1 10.69 118.05 128.74 NOTE
r-devel-linux-x86_64-debian-gcc 1.0.1 6.83 83.04 89.87 NOTE
r-devel-linux-x86_64-fedora-clang 1.0.1 193.26 NOTE
r-devel-linux-x86_64-fedora-gcc 1.0.1 182.17 NOTE
r-devel-windows-x86_64 1.0.1 10.00 113.00 123.00 NOTE
r-patched-linux-x86_64 1.0.1 9.59 108.80 118.39 NOTE
r-release-linux-x86_64 1.0.1 9.41 107.36 116.77 NOTE
r-release-macos-arm64 1.0.1 51.00 NOTE
r-release-macos-x86_64 1.0.1 98.00 NOTE
r-release-windows-x86_64 1.0.1 12.00 112.00 124.00 NOTE
r-oldrel-macos-arm64 1.0.1 52.00 NOTE
r-oldrel-macos-x86_64 1.0.1 83.00 NOTE
r-oldrel-windows-x86_64 1.0.1 13.00 151.00 164.00 NOTE

Check Details

Version: 1.0.1
Check: CRAN incoming feasibility
Result: NOTE Maintainer: ‘Claus Weihs <claus.weihs@tu-dortmund.de>’ The Description field contains <arXiv:2103.02336>; -- Weihs, C., Buschfeld, S. (2021b) "NesPrInDT: Nested undersampling in PrInDT" <arXiv:2103.14931>; -- Weihs, C., ensembles" <arXiv:2108.05129>. Please refer to arXiv e-prints via their arXiv DOI <doi:10.48550/arXiv.YYMM.NNNNN>. Flavors: r-devel-linux-x86_64-debian-clang, r-devel-linux-x86_64-debian-gcc

Version: 1.0.1
Check: Rd files
Result: NOTE checkRd: (-1) NesPrInDT.Rd:17: Lost braces 17 | {see function \code{\link{PrInDT}} for details.}\cr | ^ checkRd: (-1) PrInDTAll.Rd:16: Lost braces 16 | {see function \code{\link{PrInDT}} for details.}\cr | ^ checkRd: (-1) PrInDTAllparts.Rd:17: Lost braces 17 | {see function \code{\link{PrInDT}} for details.}\cr | ^ checkRd: (-1) PrInDTMulab.Rd:17: Lost braces 17 | {see function \code{\link{PrInDT}} for details.}\cr | ^ checkRd: (-1) PrInDTMulabAll.Rd:17: Lost braces 17 | {see function \code{\link{PrInDT}} for details.}\cr | ^ checkRd: (-1) PrInDTMulev.Rd:16: Lost braces 16 | {see function \code{\link{PrInDT}} for details.}\cr | ^ checkRd: (-1) PrInDTMulevAll.Rd:16: Lost braces 16 | {see function \code{\link{PrInDT}} for details.}\cr | ^ checkRd: (-1) PrInDTreg.Rd:16: Lost braces 16 | {see function \code{\link{PrInDT}} for details.}\cr | ^ checkRd: (-1) PrInDTregAll.Rd:16: Lost braces 16 | {see function \code{\link{PrInDT}} for details.}\cr | ^ checkRd: (-1) RePrInDT.Rd:17: Lost braces 17 | {see function \code{\link{PrInDT}} for details.}\cr | ^ Flavors: r-devel-linux-x86_64-debian-clang, r-devel-linux-x86_64-debian-gcc, r-devel-linux-x86_64-fedora-clang, r-devel-linux-x86_64-fedora-gcc, r-devel-windows-x86_64, r-patched-linux-x86_64, r-release-linux-x86_64, r-release-macos-arm64, r-release-macos-x86_64, r-release-windows-x86_64, r-oldrel-macos-arm64, r-oldrel-macos-x86_64, r-oldrel-windows-x86_64

Version: 1.0.1
Check: examples
Result: NOTE Examples with CPU (user + system) or elapsed time > 5s user system elapsed PrInDT 10.267 0.315 7.657 RePrInDT 7.746 0.055 9.983 NesPrInDT 6.737 0.032 9.658 PrInDTreg 6.164 0.046 8.106 PrInDTMulab 5.609 0.000 8.333 PrInDTMulev 4.752 0.010 5.946 Flavor: r-devel-linux-x86_64-debian-clang

Version: 1.0.1
Check: examples
Result: NOTE Examples with CPU (user + system) or elapsed time > 5s user system elapsed PrInDT 6.521 0.020 7.288 RePrInDT 4.930 0.149 6.188 NesPrInDT 4.284 0.036 5.876 PrInDTreg 4.093 0.008 5.644 PrInDTMulab 3.882 0.051 6.103 Flavor: r-devel-linux-x86_64-debian-gcc

Version: 1.0.1
Check: dependencies in R code
Result: NOTE Namespace in Imports field not imported from: ‘stringr’ All declared Imports should be used. Flavors: r-devel-linux-x86_64-fedora-clang, r-devel-linux-x86_64-fedora-gcc