CRAN Package Check Results for Package Platypus

Last updated on 2025-05-01 06:49:40 CEST.

Flavor Version Tinstall Tcheck Ttotal Status Flags
r-devel-linux-x86_64-debian-clang 3.6.0 35.42 221.88 257.30 NOTE
r-devel-linux-x86_64-debian-gcc 3.6.0 19.86 144.70 164.56 NOTE
r-devel-linux-x86_64-fedora-clang 3.6.0 441.53 NOTE
r-devel-linux-x86_64-fedora-gcc 3.6.0 423.48 NOTE
r-devel-windows-x86_64 3.6.0 37.00 237.00 274.00 NOTE
r-patched-linux-x86_64 3.6.0 35.75 205.91 241.66 NOTE
r-release-linux-x86_64 3.6.0 33.25 205.10 238.35 NOTE
r-release-macos-arm64 3.6.0 112.00 NOTE
r-release-macos-x86_64 3.6.0 231.00 NOTE
r-release-windows-x86_64 3.6.0 39.00 236.00 275.00 NOTE
r-oldrel-macos-arm64 3.6.0 106.00 OK
r-oldrel-macos-x86_64 3.6.0 221.00 OK
r-oldrel-windows-x86_64 3.6.0 48.00 317.00 365.00 OK

Check Details

Version: 3.6.0
Check: DESCRIPTION meta-information
Result: NOTE Missing dependency on R >= 4.1.0 because package code uses the pipe |> or function shorthand \(...) syntax added in R 4.1.0. File(s) using such syntax: ‘VDJ_build.R’ Flavors: r-devel-linux-x86_64-debian-clang, r-devel-linux-x86_64-debian-gcc, r-devel-linux-x86_64-fedora-clang, r-devel-linux-x86_64-fedora-gcc, r-devel-windows-x86_64, r-patched-linux-x86_64, r-release-linux-x86_64, r-release-macos-arm64, r-release-macos-x86_64, r-release-windows-x86_64

Version: 3.6.0
Check: examples
Result: NOTE Examples with CPU (user + system) or elapsed time > 5s user system elapsed GEX_coexpression_coefficient 6.28 0.284 7.911 Flavor: r-devel-linux-x86_64-debian-clang

Version: 3.6.0
Check: examples
Result: NA user system elapsed GEX_coexpression_coefficient 3.874 0.213 5.622 OK Flavor: r-devel-linux-x86_64-debian-gcc