Last updated on 2025-04-29 18:50:51 CEST.
Flavor | Version | Tinstall | Tcheck | Ttotal | Status | Flags |
---|---|---|---|---|---|---|
r-devel-linux-x86_64-debian-clang | 1.0.4 | 7.82 | 206.22 | 214.04 | NOTE | |
r-devel-linux-x86_64-debian-gcc | 1.0.4 | 5.51 | 125.54 | 131.05 | OK | |
r-devel-linux-x86_64-fedora-clang | 1.0.4 | 340.61 | OK | |||
r-devel-linux-x86_64-fedora-gcc | 1.0.4 | 338.52 | OK | |||
r-devel-windows-x86_64 | 1.0.4 | 11.00 | 186.00 | 197.00 | OK | |
r-patched-linux-x86_64 | 1.0.4 | 9.09 | 192.07 | 201.16 | OK | |
r-release-linux-x86_64 | 1.0.4 | 7.64 | 190.13 | 197.77 | OK | |
r-release-macos-arm64 | 1.0.4 | 88.00 | OK | |||
r-release-macos-x86_64 | 1.0.4 | 116.00 | OK | |||
r-release-windows-x86_64 | 1.0.4 | 10.00 | 185.00 | 195.00 | OK | |
r-oldrel-macos-arm64 | 1.0.4 | 71.00 | OK | |||
r-oldrel-macos-x86_64 | 1.0.4 | 111.00 | OK | |||
r-oldrel-windows-x86_64 | 1.0.4 | 13.00 | 259.00 | 272.00 | OK |
Version: 1.0.4
Check: examples
Result: NOTE
Examples with CPU (user + system) or elapsed time > 5s
user system elapsed
check_cor 4.036 0.266 5.511
Flavor: r-devel-linux-x86_64-debian-clang