Last updated on 2025-05-01 18:50:51 CEST.
Flavor | Version | Tinstall | Tcheck | Ttotal | Status | Flags |
---|---|---|---|---|---|---|
r-devel-linux-x86_64-debian-clang | 1.0.0 | 14.84 | 134.66 | 149.50 | NOTE | |
r-devel-linux-x86_64-debian-gcc | 1.0.0 | 10.20 | 96.35 | 106.55 | OK | |
r-devel-linux-x86_64-fedora-clang | 1.0.0 | 222.05 | OK | |||
r-devel-linux-x86_64-fedora-gcc | 1.0.0 | 212.01 | OK | |||
r-devel-windows-x86_64 | 1.0.0 | 16.00 | 136.00 | 152.00 | OK | |
r-patched-linux-x86_64 | 1.0.0 | 13.61 | 128.10 | 141.71 | OK | |
r-release-linux-x86_64 | OK | |||||
r-release-macos-arm64 | 1.0.0 | 63.00 | OK | |||
r-release-macos-x86_64 | 1.0.0 | 113.00 | OK | |||
r-release-windows-x86_64 | 1.0.0 | 16.00 | 138.00 | 154.00 | OK | |
r-oldrel-macos-arm64 | 1.0.0 | 44.00 | OK | |||
r-oldrel-macos-x86_64 | 1.0.0 | 92.00 | OK | |||
r-oldrel-windows-x86_64 | 1.0.0 | 21.00 | 178.00 | 199.00 | OK |
Version: 1.0.0
Check: examples
Result: NOTE
Examples with CPU (user + system) or elapsed time > 5s
user system elapsed
guidedTourNugg 5.472 0.030 7.830
plotNugg 4.580 0.028 5.357
Flavor: r-devel-linux-x86_64-debian-clang