CRAN Package Check Results for Package PMCMR

Last updated on 2025-04-29 18:50:50 CEST.

Flavor Version Tinstall Tcheck Ttotal Status Flags
r-devel-linux-x86_64-debian-clang 4.4 1.90 19.10 21.00 NOTE
r-devel-linux-x86_64-debian-gcc 4.4 1.47 15.56 17.03 NOTE
r-devel-linux-x86_64-fedora-clang 4.4 32.43 NOTE
r-devel-linux-x86_64-fedora-gcc 4.4 31.44 NOTE
r-devel-windows-x86_64 4.4 3.00 40.00 43.00 NOTE
r-patched-linux-x86_64 4.4 2.17 17.89 20.06 NOTE
r-release-linux-x86_64 4.4 1.72 17.92 19.64 NOTE
r-release-macos-arm64 4.4 16.00 NOTE
r-release-macos-x86_64 4.4 25.00 NOTE
r-release-windows-x86_64 4.4 3.00 43.00 46.00 NOTE
r-oldrel-macos-arm64 4.4 18.00 NOTE
r-oldrel-macos-x86_64 4.4 29.00 NOTE
r-oldrel-windows-x86_64 4.4 4.00 42.00 46.00 NOTE

Check Details

Version: 4.4
Check: Rd files
Result: NOTE checkRd: (-1) PMCMR-deprecated.Rd:36: Lost braces in \itemize; \value handles \item{}{} directly checkRd: (-1) PMCMR-deprecated.Rd:37: Lost braces in \itemize; \value handles \item{}{} directly checkRd: (-1) PMCMR-deprecated.Rd:38: Lost braces in \itemize; \value handles \item{}{} directly checkRd: (-1) PMCMR-deprecated.Rd:39-40: Lost braces in \itemize; \value handles \item{}{} directly checkRd: (-1) PMCMR-deprecated.Rd:41: Lost braces in \itemize; \value handles \item{}{} directly Flavors: r-devel-linux-x86_64-debian-clang, r-devel-linux-x86_64-debian-gcc, r-devel-linux-x86_64-fedora-clang, r-devel-linux-x86_64-fedora-gcc, r-devel-windows-x86_64, r-patched-linux-x86_64, r-release-linux-x86_64, r-release-macos-arm64, r-release-macos-x86_64, r-release-windows-x86_64, r-oldrel-macos-arm64, r-oldrel-macos-x86_64, r-oldrel-windows-x86_64