CRAN Package Check Results for Package PLStests

Last updated on 2025-04-29 18:50:50 CEST.

Flavor Version Tinstall Tcheck Ttotal Status Flags
r-devel-linux-x86_64-debian-clang 0.1.1 6.20 62.10 68.30 NOTE
r-devel-linux-x86_64-debian-gcc 0.1.1 5.08 47.01 52.09 OK
r-devel-linux-x86_64-fedora-clang 0.1.1 105.30 OK
r-devel-linux-x86_64-fedora-gcc 0.1.1 102.81 OK
r-devel-windows-x86_64 0.1.1 8.00 71.00 79.00 OK
r-patched-linux-x86_64 0.1.1 7.16 59.48 66.64 OK
r-release-linux-x86_64 0.1.1 6.30 58.83 65.13 OK
r-release-macos-arm64 0.1.1 40.00 OK
r-release-macos-x86_64 0.1.1 73.00 OK
r-release-windows-x86_64 0.1.1 8.00 74.00 82.00 OK
r-oldrel-macos-arm64 0.1.1 36.00 OK
r-oldrel-macos-x86_64 0.1.1 78.00 OK
r-oldrel-windows-x86_64 0.1.1 9.00 89.00 98.00 OK

Check Details

Version: 0.1.1
Check: examples
Result: NOTE Examples with CPU (user + system) or elapsed time > 5s user system elapsed PLStests 4.118 0.034 5.364 Flavor: r-devel-linux-x86_64-debian-clang