Last updated on 2025-04-29 18:50:50 CEST.
Flavor | Version | Tinstall | Tcheck | Ttotal | Status | Flags |
---|---|---|---|---|---|---|
r-devel-linux-x86_64-debian-clang | 1.1.0 | 10.49 | 108.40 | 118.89 | NOTE | |
r-devel-linux-x86_64-debian-gcc | 1.1.0 | 8.30 | 75.54 | 83.84 | OK | |
r-devel-linux-x86_64-fedora-clang | 1.1.0 | 184.04 | OK | |||
r-devel-linux-x86_64-fedora-gcc | 1.1.0 | 179.10 | OK | |||
r-devel-windows-x86_64 | 1.1.0 | 11.00 | 112.00 | 123.00 | OK | |
r-patched-linux-x86_64 | 1.1.0 | 10.29 | 103.53 | 113.82 | OK | |
r-release-linux-x86_64 | 1.1.0 | 9.37 | 103.29 | 112.66 | OK | |
r-release-macos-arm64 | 1.1.0 | 52.00 | OK | |||
r-release-macos-x86_64 | 1.1.0 | 97.00 | OK | |||
r-release-windows-x86_64 | 1.1.0 | 11.00 | 117.00 | 128.00 | OK | |
r-oldrel-macos-arm64 | 1.1.0 | 56.00 | OK | |||
r-oldrel-macos-x86_64 | 1.1.0 | 145.00 | OK | |||
r-oldrel-windows-x86_64 | 1.1.0 | 14.00 | 150.00 | 164.00 | OK |
Version: 1.1.0
Check: examples
Result: NOTE
Examples with CPU (user + system) or elapsed time > 5s
user system elapsed
SLoS 3.657 0.064 5.847
summary.slos 3.331 0.052 5.084
Flavor: r-devel-linux-x86_64-debian-clang