Last updated on 2025-04-29 18:50:50 CEST.
Flavor | Version | Tinstall | Tcheck | Ttotal | Status | Flags |
---|---|---|---|---|---|---|
r-devel-linux-x86_64-debian-clang | 1.2-2 | 3.38 | 114.60 | 117.98 | NOTE | |
r-devel-linux-x86_64-debian-gcc | 1.2-2 | 2.12 | 75.79 | 77.91 | OK | |
r-devel-linux-x86_64-fedora-clang | 1.2-2 | 209.35 | OK | |||
r-devel-linux-x86_64-fedora-gcc | 1.2-2 | 199.63 | OK | |||
r-devel-windows-x86_64 | 1.2-2 | 4.00 | 159.00 | 163.00 | OK | |
r-patched-linux-x86_64 | 1.2-2 | 2.99 | 109.74 | 112.73 | OK | |
r-release-linux-x86_64 | 1.2-2 | 3.12 | 109.99 | 113.11 | OK | |
r-release-macos-arm64 | 1.2-2 | 64.00 | OK | |||
r-release-macos-x86_64 | 1.2-2 | 139.00 | OK | |||
r-release-windows-x86_64 | 1.2-2 | 5.00 | 160.00 | 165.00 | OK | |
r-oldrel-macos-arm64 | 1.2-2 | 57.00 | OK | |||
r-oldrel-macos-x86_64 | 1.2-2 | 90.00 | OK | |||
r-oldrel-windows-x86_64 | 1.2-2 | 5.00 | 186.00 | 191.00 | OK |
Version: 1.2-2
Check: examples
Result: NOTE
Examples with CPU (user + system) or elapsed time > 5s
user system elapsed
power_Beta 6.456 0.192 8.505
power_Gamma 4.769 0.000 7.452
Flavor: r-devel-linux-x86_64-debian-clang