Last updated on 2025-04-29 18:50:49 CEST.
Flavor | Version | Tinstall | Tcheck | Ttotal | Status | Flags |
---|---|---|---|---|---|---|
r-devel-linux-x86_64-debian-clang | 0.1.8 | 3.52 | 34.26 | 37.78 | NOTE | |
r-devel-linux-x86_64-debian-gcc | 0.1.8 | 2.42 | 25.71 | 28.13 | OK | |
r-devel-linux-x86_64-fedora-clang | 0.1.8 | 58.96 | OK | |||
r-devel-linux-x86_64-fedora-gcc | 0.1.8 | 56.75 | OK | |||
r-devel-windows-x86_64 | 0.1.8 | 6.00 | 49.00 | 55.00 | OK | |
r-patched-linux-x86_64 | 0.1.8 | 2.92 | 32.60 | 35.52 | OK | |
r-release-linux-x86_64 | 0.1.8 | 3.29 | 33.00 | 36.29 | OK | |
r-release-macos-arm64 | 0.1.8 | 21.00 | OK | |||
r-release-macos-x86_64 | 0.1.8 | 37.00 | OK | |||
r-release-windows-x86_64 | 0.1.8 | 7.00 | 55.00 | 62.00 | OK | |
r-oldrel-macos-arm64 | 0.1.8 | 22.00 | OK | |||
r-oldrel-macos-x86_64 | 0.1.8 | 51.00 | OK | |||
r-oldrel-windows-x86_64 | 0.1.8 | 8.00 | 59.00 | 67.00 | OK |
Version: 0.1.8
Check: examples
Result: NOTE
Examples with CPU (user + system) or elapsed time > 5s
user system elapsed
optM 5.129 0.090 8.747
plot_optM 4.976 0.057 6.640
Flavor: r-devel-linux-x86_64-debian-clang