Last updated on 2025-11-04 05:51:18 CET.
| Flavor | Version | Tinstall | Tcheck | Ttotal | Status | Flags | 
|---|---|---|---|---|---|---|
| r-devel-linux-x86_64-debian-clang | 1.3.0 | 49.29 | 96.77 | 146.06 | OK | |
| r-devel-linux-x86_64-debian-gcc | 1.3.0 | 38.01 | 69.14 | 107.15 | OK | |
| r-devel-linux-x86_64-fedora-clang | 1.3.0 | 80.00 | 147.60 | 227.60 | OK | |
| r-devel-linux-x86_64-fedora-gcc | 1.3.0 | 110.00 | 146.84 | 256.84 | OK | |
| r-devel-windows-x86_64 | 1.3.0 | 57.00 | 148.00 | 205.00 | OK | |
| r-patched-linux-x86_64 | 1.3.0 | 51.27 | 91.17 | 142.44 | OK | |
| r-release-linux-x86_64 | 1.3.0 | 49.41 | 92.03 | 141.44 | OK | |
| r-release-macos-arm64 | 1.3.0 | 23.00 | 82.00 | 105.00 | OK | |
| r-release-macos-x86_64 | 1.3.0 | 44.00 | 146.00 | 190.00 | OK | |
| r-release-windows-x86_64 | 1.3.0 | 57.00 | 138.00 | 195.00 | OK | |
| r-oldrel-macos-arm64 | 1.3.0 | 19.00 | 58.00 | 77.00 | NOTE | |
| r-oldrel-macos-x86_64 | 1.3.0 | 32.00 | 82.00 | 114.00 | NOTE | |
| r-oldrel-windows-x86_64 | 1.3.0 | 69.00 | 183.00 | 252.00 | NOTE | 
Version: 1.3.0
Check: installed package size
Result: NOTE
    installed size is 10.5Mb
    sub-directories of 1Mb or more:
      doc    2.4Mb
      libs   7.1Mb
Flavors: r-oldrel-macos-arm64, r-oldrel-macos-x86_64, r-oldrel-windows-x86_64