Last updated on 2025-04-29 18:50:49 CEST.
Flavor | Version | Tinstall | Tcheck | Ttotal | Status | Flags |
---|---|---|---|---|---|---|
r-devel-linux-x86_64-debian-clang | 1.0.2 | 5.37 | 59.36 | 64.73 | NOTE | |
r-devel-linux-x86_64-debian-gcc | 1.0.2 | 2.99 | 42.33 | 45.32 | OK | |
r-devel-linux-x86_64-fedora-clang | 1.0.2 | 98.18 | NOTE | |||
r-devel-linux-x86_64-fedora-gcc | 1.0.2 | 102.07 | NOTE | |||
r-devel-windows-x86_64 | 1.0.2 | 7.00 | 70.00 | 77.00 | OK | |
r-patched-linux-x86_64 | 1.0.2 | 4.84 | 56.01 | 60.85 | OK | |
r-release-linux-x86_64 | 1.0.2 | 5.43 | 55.61 | 61.04 | OK | |
r-release-macos-arm64 | 1.0.2 | 38.00 | OK | |||
r-release-macos-x86_64 | 1.0.2 | 65.00 | OK | |||
r-release-windows-x86_64 | 1.0.2 | 8.00 | 73.00 | 81.00 | OK | |
r-oldrel-macos-arm64 | 1.0.2 | 39.00 | OK | |||
r-oldrel-macos-x86_64 | 1.0.2 | 62.00 | OK | |||
r-oldrel-windows-x86_64 | 1.0.2 | 9.00 | 85.00 | 94.00 | OK |
Version: 1.0.2
Check: examples
Result: NOTE
Examples with CPU (user + system) or elapsed time > 5s
user system elapsed
odds_plot 4.357 0.294 6.022
Flavor: r-devel-linux-x86_64-debian-clang
Version: 1.0.2
Check: dependencies in R code
Result: NOTE
Namespaces in Imports field not imported from:
‘caret’ ‘e1071’ ‘ggthemes’ ‘mlbench’ ‘rmarkdown’ ‘tidymodels’
All declared Imports should be used.
Flavors: r-devel-linux-x86_64-fedora-clang, r-devel-linux-x86_64-fedora-gcc