CRAN Package Check Results for Package NST

Last updated on 2025-04-29 18:50:49 CEST.

Flavor Version Tinstall Tcheck Ttotal Status Flags
r-devel-linux-x86_64-debian-clang 3.1.10 10.42 77.97 88.39 NOTE
r-devel-linux-x86_64-debian-gcc 3.1.10 7.07 56.44 63.51 NOTE
r-devel-linux-x86_64-fedora-clang 3.1.10 139.45 OK
r-devel-linux-x86_64-fedora-gcc 3.1.10 132.93 OK
r-devel-windows-x86_64 3.1.10 12.00 91.00 103.00 OK
r-patched-linux-x86_64 3.1.10 10.88 74.70 85.58 OK
r-release-linux-x86_64 3.1.10 8.75 74.84 83.59 OK
r-release-macos-arm64 3.1.10 39.00 OK
r-release-macos-x86_64 3.1.10 74.00 OK
r-release-windows-x86_64 3.1.10 12.00 92.00 104.00 OK
r-oldrel-macos-arm64 3.1.10 38.00 OK
r-oldrel-macos-x86_64 3.1.10 58.00 OK
r-oldrel-windows-x86_64 3.1.10 15.00 114.00 129.00 OK

Check Details

Version: 3.1.10
Check: CRAN incoming feasibility
Result: NOTE Maintainer: ‘Daliang Ning <ningdaliang@ou.edu>’ No Authors@R field in DESCRIPTION. Please add one, modifying Authors@R: person(given = "Daliang", family = "Ning", role = c("aut", "cre"), email = "ningdaliang@ou.edu") as necessary. Flavors: r-devel-linux-x86_64-debian-clang, r-devel-linux-x86_64-debian-gcc