Last updated on 2025-05-01 06:49:38 CEST.
Flavor | Version | Tinstall | Tcheck | Ttotal | Status | Flags |
---|---|---|---|---|---|---|
r-devel-linux-x86_64-debian-clang | 1.0 | 9.64 | 100.78 | 110.42 | NOTE | |
r-devel-linux-x86_64-debian-gcc | 1.0 | 6.57 | 72.72 | 79.29 | NOTE | |
r-devel-linux-x86_64-fedora-clang | 1.0 | 165.88 | OK | |||
r-devel-linux-x86_64-fedora-gcc | 1.0 | 176.46 | OK | |||
r-devel-windows-x86_64 | 1.0 | 12.00 | 108.00 | 120.00 | OK | |
r-patched-linux-x86_64 | 1.0 | 8.25 | 97.02 | 105.27 | OK | |
r-release-linux-x86_64 | 1.0 | 8.98 | 98.61 | 107.59 | OK | |
r-release-macos-arm64 | 1.0 | 66.00 | OK | |||
r-release-macos-x86_64 | 1.0 | 113.00 | OK | |||
r-release-windows-x86_64 | 1.0 | 12.00 | 110.00 | 122.00 | OK | |
r-oldrel-macos-arm64 | 1.0 | 54.00 | OK | |||
r-oldrel-macos-x86_64 | 1.0 | 88.00 | OK | |||
r-oldrel-windows-x86_64 | 1.0 | 13.00 | 136.00 | 149.00 | OK |
Version: 1.0
Check: CRAN incoming feasibility
Result: NOTE
Maintainer: ‘Marina Gomtsyan <marina.gomtsyan@agroparistech.fr>’
No Authors@R field in DESCRIPTION.
Please add one, modifying
Authors@R: person(given = "Marina",
family = "Gomtsyan",
role = c("aut", "cre"),
email = "marina.gomtsyan@agroparistech.fr")
as necessary.
The Description field contains
(2022), <arXiv:2208.14721>.
Please refer to arXiv e-prints via their arXiv DOI <doi:10.48550/arXiv.YYMM.NNNNN>.
Flavors: r-devel-linux-x86_64-debian-clang, r-devel-linux-x86_64-debian-gcc
Version: 1.0
Check: examples
Result: NOTE
Examples with CPU (user + system) or elapsed time > 5s
user system elapsed
MultiGlarmaVarSel-package 4.244 0.097 5.556
variable_selection 4.185 0.039 5.009
Flavor: r-devel-linux-x86_64-debian-clang