CRAN Package Check Results for Package MetaboQC

Last updated on 2025-04-30 06:51:23 CEST.

Flavor Version Tinstall Tcheck Ttotal Status Flags
r-devel-linux-x86_64-debian-clang 1.1 2.81 24.33 27.14 NOTE
r-devel-linux-x86_64-debian-gcc 1.1 2.20 19.04 21.24 NOTE
r-devel-linux-x86_64-fedora-clang 1.1 42.22 OK
r-devel-linux-x86_64-fedora-gcc 1.1 41.09 OK
r-devel-windows-x86_64 1.1 4.00 49.00 53.00 OK
r-patched-linux-x86_64 1.1 2.85 23.53 26.38 OK
r-release-linux-x86_64 1.1 2.26 23.50 25.76 OK
r-release-macos-arm64 1.1 31.00 OK
r-release-macos-x86_64 1.1 30.00 OK
r-release-windows-x86_64 1.1 4.00 48.00 52.00 OK
r-oldrel-macos-arm64 1.1 16.00 OK
r-oldrel-macos-x86_64 1.1 25.00 OK
r-oldrel-windows-x86_64 1.1 4.00 48.00 52.00 OK

Check Details

Version: 1.1
Check: CRAN incoming feasibility
Result: NOTE Maintainer: ‘Monica Calderon-Santiago <b42casam@uco.es>’ No Authors@R field in DESCRIPTION. Please add one, modifying Authors@R: person(given = "Monica", family = "Calderon-Santiago", role = c("aut", "cre"), email = "b42casam@uco.es") as necessary. Flavors: r-devel-linux-x86_64-debian-clang, r-devel-linux-x86_64-debian-gcc