Last updated on 2025-04-28 18:50:14 CEST.
Flavor | Version | Tinstall | Tcheck | Ttotal | Status | Flags |
---|---|---|---|---|---|---|
r-devel-linux-x86_64-debian-clang | 0.3 | 4.74 | 61.27 | 66.01 | OK | |
r-devel-linux-x86_64-debian-gcc | 0.3 | 4.41 | 48.52 | 52.93 | NOTE | |
r-devel-linux-x86_64-fedora-clang | 0.3 | 101.65 | OK | |||
r-devel-linux-x86_64-fedora-gcc | 0.3 | 111.83 | OK | |||
r-devel-windows-x86_64 | 0.3 | 8.00 | 118.00 | 126.00 | OK | |
r-patched-linux-x86_64 | 0.3 | 4.31 | 62.77 | 67.08 | OK | |
r-release-linux-x86_64 | 0.3 | 5.23 | 62.80 | 68.03 | OK | |
r-release-macos-arm64 | 0.3 | 41.00 | OK | |||
r-release-macos-x86_64 | 0.3 | 79.00 | OK | |||
r-release-windows-x86_64 | 0.3 | 9.00 | 118.00 | 127.00 | OK | |
r-oldrel-macos-arm64 | 0.3 | 43.00 | OK | |||
r-oldrel-macos-x86_64 | 0.3 | 66.00 | OK | |||
r-oldrel-windows-x86_64 | 0.3 | 10.00 | 118.00 | 128.00 | OK |
Version: 0.3
Check: CRAN incoming feasibility
Result: NOTE
Maintainer: ‘Christopher R John <chris.r.john86@gmail.com>’
No Authors@R field in DESCRIPTION.
Please add one, modifying
Authors@R: person(given = c("Christopher", "R"),
family = "John",
role = c("aut", "cre"),
email = "chris.r.john86@gmail.com")
as necessary.
Flavor: r-devel-linux-x86_64-debian-gcc