CRAN Package Check Results for Package MBSGS

Last updated on 2025-04-29 18:50:47 CEST.

Flavor Version Tinstall Tcheck Ttotal Status Flags
r-devel-linux-x86_64-debian-clang 1.1.0 8.16 67.86 76.02 NOTE
r-devel-linux-x86_64-debian-gcc 1.1.0 6.27 51.69 57.96 NOTE
r-devel-linux-x86_64-fedora-clang 1.1.0 117.49 OK
r-devel-linux-x86_64-fedora-gcc 1.1.0 113.26 OK
r-devel-windows-x86_64 1.1.0 9.00 74.00 83.00 OK
r-patched-linux-x86_64 1.1.0 9.05 65.89 74.94 OK
r-release-linux-x86_64 1.1.0 6.94 65.12 72.06 OK
r-release-macos-arm64 1.1.0 42.00 OK
r-release-macos-x86_64 1.1.0 78.00 OK
r-release-windows-x86_64 1.1.0 10.00 80.00 90.00 OK
r-oldrel-macos-arm64 1.1.0 35.00 OK
r-oldrel-macos-x86_64 1.1.0 54.00 OK
r-oldrel-windows-x86_64 1.1.0 12.00 98.00 110.00 OK

Check Details

Version: 1.1.0
Check: CRAN incoming feasibility
Result: NOTE Maintainer: ‘Benoit Liquet <benoit.liquet@qut.edu.au>’ No Authors@R field in DESCRIPTION. Please add one, modifying Authors@R: c(person(given = "Benoit", family = "Liquet", role = c("aut", "cre"), email = "benoit.liquet@qut.edu.au"), person(given = "Matthew", family = "Sutton", role = "aut")) as necessary. Flavors: r-devel-linux-x86_64-debian-clang, r-devel-linux-x86_64-debian-gcc