CRAN Package Check Results for Package LongMemoryTS

Last updated on 2025-04-29 06:49:46 CEST.

Flavor Version Tinstall Tcheck Ttotal Status Flags
r-devel-linux-x86_64-debian-clang 0.1.0 35.16 50.50 85.66 NOTE
r-devel-linux-x86_64-debian-gcc 0.1.0 23.29 37.92 61.21 NOTE
r-devel-linux-x86_64-fedora-clang 0.1.0 150.61 OK
r-devel-linux-x86_64-fedora-gcc 0.1.0 146.10 OK
r-devel-windows-x86_64 0.1.0 39.00 96.00 135.00 NOTE
r-patched-linux-x86_64 0.1.0 32.65 48.26 80.91 NOTE
r-release-linux-x86_64 0.1.0 36.13 47.74 83.87 NOTE
r-release-macos-arm64 0.1.0 43.00 OK
r-release-macos-x86_64 0.1.0 70.00 OK
r-release-windows-x86_64 0.1.0 40.00 110.00 150.00 NOTE
r-oldrel-macos-arm64 0.1.0 38.00 OK
r-oldrel-macos-x86_64 0.1.0 59.00 OK
r-oldrel-windows-x86_64 0.1.0 46.00 120.00 166.00 OK

Check Details

Version: 0.1.0
Check: Rd cross-references
Result: NOTE Found the following Rd file(s) with Rd \link{} targets missing package anchors: partition.X.Rd: partitions Please provide package anchors for all Rd \link{} targets not in the package itself and the base packages. Flavors: r-devel-linux-x86_64-debian-clang, r-devel-linux-x86_64-debian-gcc, r-devel-windows-x86_64, r-patched-linux-x86_64, r-release-linux-x86_64, r-release-windows-x86_64