Last updated on 2025-04-29 18:50:46 CEST.
Flavor | Version | Tinstall | Tcheck | Ttotal | Status | Flags |
---|---|---|---|---|---|---|
r-devel-linux-x86_64-debian-clang | 0.1.0 | 33.54 | 275.34 | 308.88 | NOTE | |
r-devel-linux-x86_64-debian-gcc | 0.1.0 | 18.79 | 176.60 | 195.39 | OK | |
r-devel-linux-x86_64-fedora-clang | 0.1.0 | 478.97 | OK | |||
r-devel-linux-x86_64-fedora-gcc | 0.1.0 | 465.71 | OK | |||
r-devel-windows-x86_64 | 0.1.0 | 28.00 | 202.00 | 230.00 | OK | |
r-patched-linux-x86_64 | 0.1.0 | 31.70 | 260.35 | 292.05 | OK | |
r-release-linux-x86_64 | 0.1.0 | 31.10 | 260.74 | 291.84 | OK | |
r-release-macos-arm64 | 0.1.0 | 126.00 | OK | |||
r-release-macos-x86_64 | 0.1.0 | 258.00 | OK | |||
r-release-windows-x86_64 | 0.1.0 | 28.00 | 206.00 | 234.00 | OK | |
r-oldrel-macos-arm64 | 0.1.0 | 97.00 | OK | |||
r-oldrel-macos-x86_64 | 0.1.0 | 176.00 | OK | |||
r-oldrel-windows-x86_64 | 0.1.0 | 36.00 | 295.00 | 331.00 | OK |
Version: 0.1.0
Check: examples
Result: NOTE
Examples with CPU (user + system) or elapsed time > 5s
user system elapsed
LTARpred 5.741 0.095 6.575
err 4.956 0.007 5.578
Flavor: r-devel-linux-x86_64-debian-clang