Last updated on 2025-11-04 05:51:15 CET.
| Flavor | Version | Tinstall | Tcheck | Ttotal | Status | Flags | 
|---|---|---|---|---|---|---|
| r-devel-linux-x86_64-debian-clang | 4.1-0 | 6.50 | 61.55 | 68.05 | NOTE | |
| r-devel-linux-x86_64-debian-gcc | 4.1-0 | 5.30 | 42.64 | 47.94 | NOTE | |
| r-devel-linux-x86_64-fedora-clang | 4.1-0 | 68.00 | 48.03 | 116.03 | OK | |
| r-devel-linux-x86_64-fedora-gcc | 4.1-0 | 15.00 | 87.85 | 102.85 | OK | |
| r-devel-windows-x86_64 | 4.1-0 | 8.00 | 87.00 | 95.00 | OK | |
| r-patched-linux-x86_64 | 4.1-0 | 8.36 | 58.94 | 67.30 | OK | |
| r-release-linux-x86_64 | 4.1-0 | 6.25 | 60.51 | 66.76 | OK | |
| r-release-macos-arm64 | 4.1-0 | 3.00 | 30.00 | 33.00 | OK | |
| r-release-macos-x86_64 | 4.1-0 | 7.00 | 52.00 | 59.00 | OK | |
| r-release-windows-x86_64 | 4.1-0 | 8.00 | 84.00 | 92.00 | OK | |
| r-oldrel-macos-arm64 | 4.1-0 | 3.00 | 28.00 | 31.00 | OK | |
| r-oldrel-macos-x86_64 | 4.1-0 | 6.00 | 41.00 | 47.00 | OK | |
| r-oldrel-windows-x86_64 | 4.1-0 | 7.00 | 88.00 | 95.00 | OK | 
Version: 4.1-0
Check: CRAN incoming feasibility
Result: NOTE
  Maintainer: ‘Bjoern Schwalb <schwalb.bjoern@gmail.com>’
  
  No Authors@R field in DESCRIPTION.
  Please add one, modifying
    Authors@R: c(person(given = "Bjoern",
                        family = "Schwalb",
                        role = c("aut", "cre"),
                        email = "schwalb.bjoern@gmail.com"),
                 person(given = "Achim",
                        family = "Tresch",
                        role = "aut"),
                 person(given = "Phillipp",
                        family = "Torkler",
                        role = "ctb"),
                 person(given = "Sebastian",
                        family = "Duemcke",
                        role = "ctb"),
                 person(given = "Carina",
                        family = "Demel",
                        role = "ctb"),
                 person(given = "Brian",
                        family = "Ripley",
                        role = "ctb"),
                 person(given = "Bill",
                        family = "Venables",
                        role = "ctb"))
  as necessary.
Flavors: r-devel-linux-x86_64-debian-clang, r-devel-linux-x86_64-debian-gcc