CRAN Package Check Results for Package LAGOSNE

Last updated on 2025-11-04 05:51:15 CET.

Flavor Version Tinstall Tcheck Ttotal Status Flags
r-devel-linux-x86_64-debian-clang 2.0.3 8.38 75.35 83.73 NOTE
r-devel-linux-x86_64-debian-gcc 2.0.3 6.01 56.04 62.05 NOTE
r-devel-linux-x86_64-fedora-clang 2.0.3 38.00 98.17 136.17 NOTE
r-devel-linux-x86_64-fedora-gcc 2.0.3 17.00 121.03 138.03 NOTE
r-devel-windows-x86_64 2.0.3 11.00 94.00 105.00 NOTE
r-patched-linux-x86_64 2.0.3 8.72 70.43 79.15 NOTE
r-release-linux-x86_64 2.0.3 7.94 70.33 78.27 NOTE
r-release-macos-arm64 2.0.3 3.00 38.00 41.00 NOTE
r-release-macos-x86_64 2.0.3 7.00 75.00 82.00 NOTE
r-release-windows-x86_64 2.0.3 11.00 89.00 100.00 NOTE
r-oldrel-macos-arm64 2.0.3 4.00 37.00 41.00 NOTE
r-oldrel-macos-x86_64 2.0.3 9.00 72.00 81.00 NOTE
r-oldrel-windows-x86_64 2.0.3 13.00 110.00 123.00 NOTE

Check Details

Version: 2.0.3
Check: Rd files
Result: NOTE checkRd: (-1) conn.Rd:300: Lost braces 300 | Soranno et al. (2017) \doi{10.1093/gigascience/gix101}{Gigascience 6:12} | ^ checkRd: (-1) lakes_limno.Rd:36: Lost braces 36 | Soranno et al. (2017) \doi{10.1093/gigascience/gix101}{Gigascience 6:12} | ^ Flavors: r-devel-linux-x86_64-debian-clang, r-devel-linux-x86_64-debian-gcc, r-devel-linux-x86_64-fedora-clang, r-devel-linux-x86_64-fedora-gcc, r-devel-windows-x86_64, r-patched-linux-x86_64, r-release-linux-x86_64, r-release-macos-arm64, r-release-macos-x86_64, r-release-windows-x86_64, r-oldrel-macos-arm64, r-oldrel-macos-x86_64, r-oldrel-windows-x86_64