Last updated on 2025-04-29 18:50:46 CEST.
Flavor | Version | Tinstall | Tcheck | Ttotal | Status | Flags |
---|---|---|---|---|---|---|
r-devel-linux-x86_64-debian-clang | 2.1.1 | 13.96 | 121.10 | 135.06 | NOTE | |
r-devel-linux-x86_64-debian-gcc | 2.1.1 | 9.43 | 82.01 | 91.44 | NOTE | |
r-devel-linux-x86_64-fedora-clang | 2.1.1 | 212.99 | OK | |||
r-devel-linux-x86_64-fedora-gcc | 2.1.1 | 196.98 | OK | |||
r-devel-windows-x86_64 | 2.1.1 | 14.00 | 126.00 | 140.00 | OK | |
r-patched-linux-x86_64 | 2.1.1 | 13.55 | 113.78 | 127.33 | OK | |
r-release-linux-x86_64 | 2.1.1 | 12.90 | 112.94 | 125.84 | OK | |
r-release-macos-arm64 | 2.1.1 | 51.00 | OK | |||
r-release-macos-x86_64 | 2.1.1 | 150.00 | OK | |||
r-release-windows-x86_64 | 2.1.1 | 14.00 | 125.00 | 139.00 | OK | |
r-oldrel-macos-arm64 | 2.1.1 | 54.00 | OK | |||
r-oldrel-macos-x86_64 | 2.1.1 | 98.00 | OK | |||
r-oldrel-windows-x86_64 | 2.1.1 | 18.00 | 161.00 | 179.00 | OK |
Version: 2.1.1
Check: examples
Result: NOTE
Examples with CPU (user + system) or elapsed time > 5s
user system elapsed
loop.rpt.IBD 6.836 0.097 7.971
mixMLX 6.694 0.089 8.793
Flavor: r-devel-linux-x86_64-debian-clang
Version: 2.1.1
Check: examples
Result: NOTE
Examples with CPU (user + system) or elapsed time > 5s
user system elapsed
loop.rpt.IBD 5.059 0.41 6.941
Flavor: r-devel-linux-x86_64-debian-gcc