Last updated on 2025-05-02 06:49:37 CEST.
Flavor | Version | Tinstall | Tcheck | Ttotal | Status | Flags |
---|---|---|---|---|---|---|
r-devel-linux-x86_64-debian-clang | 0.1.19 | 18.18 | 160.43 | 178.61 | NOTE | |
r-devel-linux-x86_64-debian-gcc | 0.2.0 | 12.33 | 112.37 | 124.70 | OK | |
r-devel-linux-x86_64-fedora-clang | 0.2.0 | 294.60 | OK | |||
r-devel-linux-x86_64-fedora-gcc | 0.2.0 | 271.44 | OK | |||
r-devel-windows-x86_64 | 0.2.0 | 18.00 | 194.00 | 212.00 | OK | |
r-patched-linux-x86_64 | 0.2.0 | 19.62 | 152.94 | 172.56 | OK | |
r-release-linux-x86_64 | OK | |||||
r-release-macos-arm64 | 0.2.0 | 66.00 | OK | |||
r-release-macos-x86_64 | 0.2.0 | 139.00 | OK | |||
r-release-windows-x86_64 | 0.2.0 | 25.00 | 196.00 | 221.00 | OK | |
r-oldrel-macos-arm64 | 0.2.0 | 91.00 | OK | |||
r-oldrel-macos-x86_64 | 0.2.0 | 144.00 | NOTE | |||
r-oldrel-windows-x86_64 | 0.1.19 | 25.00 | 229.00 | 254.00 | OK |
Version: 0.1.19
Check: Rd cross-references
Result: NOTE
Found the following Rd file(s) with Rd \link{} targets missing package
anchors:
SpATS.nogeno.Rd: SAP, PSANOVA, SpATS, controlSpATS
Please provide package anchors for all Rd \link{} targets not in the
package itself and the base packages.
Flavor: r-devel-linux-x86_64-debian-clang
Version: 0.1.19
Check: examples
Result: NOTE
Examples with CPU (user + system) or elapsed time > 5s
user system elapsed
plot.ps2dsignal 3.259 0.423 5.055
Flavor: r-devel-linux-x86_64-debian-clang
Version: 0.2.0
Check: installed package size
Result: NOTE
installed size is 5.6Mb
sub-directories of 1Mb or more:
data 5.1Mb
Flavor: r-oldrel-macos-x86_64